 when 107 is divided by r.
8
Suppose -3*w = -2*w + z + 197, -w + z - 187 = 0. Let p = -108 - w. Suppose 0 = p*y - 81*y - 243. Calculate the remainder when y is divided by 28.
25
Let r = -46 - 9. Let h = -42 - r. Calculate the remainder when ((-248)/(-20))/((-2)/(-10)) is divided by h.
10
Let t = -2864 - -4487. Calculate the remainder when t is divided by 44.
39
Let b(g) = -g**2 - 108*g - 2860. Calculate the remainder when 850 is divided by b(-59).
13
Calculate the remainder when 1*((-1204)/(-43))/(1 + 18/(-22)) is divided by 80.
74
Suppose -2*n = v + 3, 5 = -4*v - n + 14. Suppose -y + 0*j - 5*j = 1, v*j - 5 = -2*y. Calculate the remainder when (-54)/y*6/(-1) is divided by 21.
18
Calculate the remainder when (6*(-7)/((-420)/6190))/1 is divided by 31.
30
Suppose -1136*m = -1140*m + 100. What is the remainder when 3596 is divided by m?
21
Suppose -370 = -2*o - 4*i, -14*i - 371 = -2*o - 19*i. What is the remainder when o is divided by 2*(-2)/(-4)*46?
45
Calculate the remainder when -1*(-3 + -8) - -1408 is divided by 94.
9
Let y(d) = 2*d + 40. Let p be y(13). Suppose 96 = 4*r + 4*h, -4*r + 2*h + 24 + p = 0. Calculate the remainder when r is divided by 15.
8
Calculate the remainder when 626 is divided by 880/(-275) - (-1854)/45.
18
Suppose -4*f = 35*h - 33*h - 320, 0 = -5*h - 5*f + 805. Calculate the remainder when 202 is divided by h.
40
Let v(d) = -4*d**2 + 132*d - 53. Suppose 0 = -3*j + 4*l + 76 + 25, -l - 2 = 0. What is the remainder when v(j) is divided by 62?
9
Suppose 0*g + 40 = 5*g. Suppose -5*s + 3*d = 1, -48*s + 3*d = -49*s + 25. Calculate the remainder when g is divided by s.
0
Let z(l) = l**3 - 6*l**2 - 2*l - 14. Let r be z(7). Suppose -5*u = 550 - 550. Let o = u + r. Calculate the remainder when o is divided by 10.
1
Let x(t) = -17*t**3 + 9*t**2 - 5*t + 2. Let n(r) = 8*r**3 - 4*r**2 + 2*r - 1. Let l(h) = 13*n(h) + 6*x(h). What is the remainder when 26 is divided by l(2)?
11
Suppose 0*y - 267 = p + 2*y, 4*p + 1071 = -5*y. Let r = -263 - p. Calculate the remainder when 8 is divided by r.
2
Suppose -60*g + 36*g = -31*g + 16254. Calculate the remainder when g is divided by 101.
100
Suppose 5*h + 2570 = 4*a, a - 114 - 537 = -3*h. Calculate the remainder when a is divided by 240.
165
Suppose 21*k = -12755 + 13259. What is the remainder when 399 is divided by k?
15
Let z(x) = -x**2 - 19*x - 54. Let m = 133 + -142. What is the remainder when z(m) is divided by 10?
6
Suppose -2*d - 2*d = -16, -2*q + 58 = 3*d. Suppose 4*f - 5*z - q = 0, 6*f - 16 = 3*f + 5*z. What is the remainder when (16/4 - 5 - -2) + 25 is divided by f?
5
Suppose -5*m = -20, -2*m + 9518 = 3*a + 2058. Calculate the remainder when a is divided by 104.
92
Suppose -4*x - 66 = -2*s, 0 = 3*s + 30*x - 35*x - 100. What is the remainder when 184 is divided by s?
9
Suppose 19*q - 14*q = 30. Suppose 4*b = -0*b + 4, 0 = 2*m - 3*b - 1149. Suppose 3*k = -q*k + m. What is the remainder when k is divided by 23?
18
Suppose 0*q - 24 = -8*q. Suppose -c = -q*d - 38, -7*d + 3*d - 94 = -3*c. What is the remainder when 180 is divided by c?
24
Suppose 4*x + 67 = v, 0 = -5*v - 3*x + 2*x + 272. Let k be ((-2)/(-4))/(8/368). Suppose -4*g + k = -25. What is the remainder when v is divided by g?
7
Suppose -5*o + 20 + 115 = 0. Suppose 6*h - 10*h = 0. Suppose h = -2*b - n + 24, -8*b + 34 = -5*b + n. What is the remainder when o is divided by b?
7
Let v = -2847 - -2951. Calculate the remainder when v is divided by 45.
14
Suppose -2 = -h, -3*h + 10 = a - h. Let i = -21 + 24. Suppose i*s = -s + 80. Calculate the remainder when s is divided by a.
2
Suppose -180*n - 636 = -233*n. Calculate the remainder when 4100 is divided by n.
8
Suppose -6*f + f + 33 = -2*k, -2*f + 30 = -5*k. Suppose -32 = -f*h + 3*r - 0, 0 = 3*h + 3*r. Calculate the remainder when 5 is divided by h.
1
Suppose 23939 - 24017 = -2*p. Calculate the remainder when p is divided by 31.
8
Suppose -36*a + 9386 + 1350 = -532. What is the remainder when a is divided by 42?
19
Suppose -3 = h - 15. Let a = 922 - 1849. Let f = a - -1020. Calculate the remainder when f is divided by h.
9
Let z(k) = -2*k + 21. Let o be z(8). Suppose -90 = o*d - 8*d. Let n = 42 - d. What is the remainder when 21 is divided by n?
9
Let a(o) = o**3 + 4*o**2 - 8*o - 3. What is the remainder when ((-618)/(-1648))/(1/24) + -2 + 98 is divided by a(-5)?
9
Suppose 6*s + 415 = -1721. Let c = s - -454. What is the remainder when c is divided by 36?
26
Let p = 505 - 412. Calculate the remainder when 174 is divided by p.
81
Calculate the remainder when (36/42*-1)/(2 + (-18616)/9296) is divided by 118.
96
Suppose -f - 32 = -4*r, -2*f + 35 = 3*r - 0*r. Let a be ((-117)/12)/((r/(-16))/3). Let v = a + -13. Calculate the remainder when 114 is divided by v.
36
Let h = 559 + -528. Suppose 0 = -h*u + 29*u + 8, -3*f = -u - 14. Calculate the remainder when 59 is divided by f.
5
Suppose 0 = 2*b + 2 - 8. Let t be 6/(-9) - 85/(-15). Suppose -t*r - 125 = -b*d, 0*d - 3*d = r - 137. Calculate the remainder when 222 is divided by d.
42
Suppose 0 = -39*o - 66*o + 6930. Calculate the remainder when 2475 is divided by o.
33
Suppose -p = u + 3, -15 = -2*p + 5*u + 14. Suppose -p*j = 4*d - 226, 0*d - 3*j - 101 = -2*d. Calculate the remainder when d is divided by (7/(-3))/(1/(-6)).
13
Let w be (-511)/(-28) + (-6)/(-8). Suppose -w*t + 10 = -18*t. Suppose 38 = 4*i - t. Calculate the remainder when i is divided by 7.
5
Suppose 9840 = 5*a - 2*f, 4*a - 37*f = -39*f + 7854. What is the remainder when a is divided by 32?
14
Let y(c) = c**2 - 3*c + 8. Let w be 63/(-12) - -5 - (-125)/4. Suppose 5*l = 15, 0 = -n - 3*n - l + w. Calculate the remainder when y(6) is divided by n.
5
Suppose v + 2*q + 122 = 420, 5*v - 4*q = 1462. Calculate the remainder when v is divided by 102.
90
Let k(n) = -n**2 + 2. Let m be k(0). Let a be (-180)/8*108/(-15). Suppose 0*v - 2*v = m*c - 86, -v = -4*c + a. What is the remainder when c is divided by 11?
8
Let s = 1191 - 1184. Suppose w = -4*a + 10, 5*a - 3 - 22 = 5*w. Suppose s = y - x, 2*x + 0*x = a*y - 25. Calculate the remainder when 32 is divided by y.
10
Let k be (2 + 8)/(3/9). Suppose -34*d = -k*d - 8. Let q = d + 10. Calculate the remainder when 46 is divided by q.
10
Let t be 24/9*1*(-3)/(-2). Suppose 12*r - t*r = 152. Calculate the remainder when 70 is divided by r.
13
Let u = 19 + -25. Let t(l) = 15*l - 13. Let x(w) = 30*w - 25. Let n(o) = -7*t(o) + 3*x(o). What is the remainder when n(u) is divided by 55?
51
Let t = -495 - -333. What is the remainder when 104 is divided by t/15*(-85)/17?
50
Let g(k) = 2*k**2 - 47*k + 290. Calculate the remainder when 108 is divided by g(15).
3
Suppose -10*c - 228 = -998. Calculate the remainder when 2615 is divided by c.
74
Let a(m) = -m**3 - 30*m**2 - 219*m + 122. What is the remainder when a(-16) is divided by (-1)/(-3) + (-106)/(-6)?
6
Let v(z) = z**3 + 14*z**2 - 11*z - 10. Let w be v(-15). Let y = 79 + w. Suppose -10*i + y*i = -11. Calculate the remainder when 51 is divided by i.
7
Let u(c) = -c**3 + 71*c**2 + 147*c + 322. What is the remainder when u(73) is divided by 132?
131
Let f(k) = k**2 - 21*k + 569. Calculate the remainder when f(23) is divided by 54.
21
Let i(o) = -2*o**3 - 10*o**2 - 16*o + 123. What is the remainder when i(-12) is divided by 22?
21
Calculate the remainder when (-173698)/(-1862) - -3*2/(-21) is divided by (-5)/(-20) - 126/(-8).
13
Let v = -5638 + 5647. What is the remainder when 3167 is divided by v?
8
Let j(a) = 11 - 5*a - 2*a - 7*a + 10*a - 54. Let s be -18 - 16/(3 - 7). What is the remainder when j(s) is divided by 9?
4
Suppose -j - 2 = -6. Let a(l) = -l**2 + 8*l - 6. Let z(u) = 15*u**2 + 33*u - 7. Calculate the remainder when z(-3) is divided by a(j).
9
Suppose -978*r = -977*r + 3*a - 245, -3*r = 2*a - 714. Suppose -42 - 6 = -2*u. What is the remainder when r is divided by u?
20
Suppose 3*j - 2929 = p, 2*j + 7*p + 129 - 2120 = 0. What is the remainder when j is divided by 192?
18
Suppose 5*b + 3*y = 21883, 8750 = 4*b - 2*b + 2*y. Suppose -25*a = 4*a - b. Calculate the remainder when a is divided by 9.
7
Suppose -5*r + 24 = -4*d + 1162, 285 = d - r. What is the remainder when d is divided by 27?
17
Let i(v) = 26*v**2 + 1. What is the remainder when i(-2) is divided by (-828)/24*(-8)/6?
13
Suppose 0 - 3 = -3*f +